he prime factors of 2/(-8) + u/4.
3
Let k(l) be the second derivative of -l**4/24 - l**3/2 + l**2 - l. Let w(v) be the first derivative of k(v). What are the prime factors of w(-5)?
2
Let y = 344 + -170. List the prime factors of y.
2, 3, 29
Suppose 0 = -2*a + 3*m + 5, 5 = a - 2*m + 3*m. Suppose -a*g = -3*g. Suppose y + x - 13 = 0, g = 2*y + 7*x - 2*x - 35. What are the prime factors of y?
2, 5
Let t = 13 + -1. List the prime factors of 60/18*t/5.
2
Let i(y) = y**2 - 7*y**2 + y + 4 - 2*y - y**3 + 2*y**2. Suppose 4*f - j + 12 = -1, -2 = 2*f - 2*j. List the prime factors of i(f).
2
Let h = 0 + 0. Let b(w) = -12*w + 5. Let u be b(1). What are the prime factors of 13 + h + (-4 - u)?
2
Suppose 206 = 3*n + 17. List the prime factors of n.
3, 7
Suppose 5*w = 8*w - 135. List the prime factors of w.
3, 5
What are the prime factors of 1/(406/135 - 3)?
3, 5
Let s = -29 + 50. What are the prime factors of s?
3, 7
Let r(o) = -o**3 + 5*o**2 + 2*o - 7. Let y be r(5). Suppose -y*d = -w + 10, 16 + 4 = 2*w - d. List the prime factors of w.
2, 5
Suppose -10*l - 320 = -14*l. Suppose -v = v - l. List the prime factors of v.
2, 5
Let u(m) = -9*m + 6. Let h be u(-6). Suppose -2*t + 4*d - 48 = -4*t, -3*t - 3*d + h = 0. Suppose -32 = -4*l + t. What are the prime factors of l?
2, 3
Let g = 51 + 67. List the prime factors of g.
2, 59
Let r(h) = h**3 - 14*h**2 + h - 14. Let q be r(14). List the prime factors of ((-1 - -2) + q)*5.
5
Suppose -5*y = -0*y - 4*v + 18, 3*y = -2*v - 2. What are the prime factors of (y*3)/3 - -23?
3, 7
Suppose 2*s = 5*h - 106, -4*s = 5*h - 0*s - 88. Suppose 4 = 2*b - h. List the prime factors of b.
2, 3
List the prime factors of -4 + 1 - (-4 - 31).
2
Suppose 3*p - 4*p - 6 = 0. Let h = p + 10. Suppose -4*t + h = -8. What are the prime factors of t?
3
What are the prime factors of 107 - (-4 + 2 + 2)?
107
Let a(k) = 10*k**2 + 3*k. Let c(j) = 31*j**2 + 10*j. Let f(g) = 7*a(g) - 2*c(g). What are the prime factors of f(-1)?
7
Let l(d) = -d**3 + 7*d**2 - 2*d - 1. List the prime factors of l(6).
23
Let m(s) = 18*s**3 + 1. Let k = 1 + -4. Let g be ((-15)/(-9) + -2)*k. List the prime factors of m(g).
19
What are the prime factors of (38/4)/(3/6)?
19
Let m = -233 - -405. What are the prime factors of m?
2, 43
Let y(l) = l**3 - 9*l**2 + 9*l + 8. Suppose -5*h = 5*u - 40, -2*u + 0*h = -4*h - 16. What are the prime factors of y(u)?
2
List the prime factors of (-470)/(-9) - (-14)/(-63).
2, 13
Let w(o) = -o**3 + 7*o**2 - 4*o + 5. Let l(p) = -p**3 + 7*p**2 + 2*p - 8. Let f be l(7). List the prime factors of w(f).
17
What are the prime factors of -1*4/(4/(-51))?
3, 17
Let z(i) = 0 - 2*i**3 + 2*i - 7 + i**3 + 6*i**2 - 1. Let b be z(6). Suppose 4*v + b*r = 32, 0 = -3*v + 3*r + r + 31. What are the prime factors of v?
3
Let p = -21 + 1. Let r = p - -32. Suppose 0 = 2*s, 0 = -m + 5*s - 2*s + r. List the prime factors of m.
2, 3
Suppose -5*l - 21 = p, 0*l + 4*l + 20 = 0. Suppose -x = -p*w + 17, 3*x = -2*w - 7 - 2. Suppose 3*d = 2*y - 7 - 17, 3*y - 21 = -w*d. List the prime factors of y.
3
Let l = 68 - 38. Suppose l = -2*d + 4*d. List the prime factors of d.
3, 5
Let p = 21 + 18. List the prime factors of p.
3, 13
Let j be ((-24)/28)/((-1)/7). Let n be j/(-27) + 40/18. Suppose -4*t + 14 + 10 = n*b, -2*t + 20 = 3*b. List the prime factors of b.
2
Let r = 799 + -474. What are the prime factors of r?
5, 13
Let i(a) = a**3 - 7*a**2 + 6*a + 2. Let z be i(6). Let o = 2 - z. List the prime factors of 0 - (o - 7/1).
7
Let o = -12 + 15. Suppose -3 = -v + o. What are the prime factors of v?
2, 3
Let i = -7 - -2. Let n = 24 - 16. Let a = n - i. List the prime factors of a.
13
Let y = -282 + 395. What are the prime factors of y?
113
Let v(d) = 3*d**2 + 10*d + 24. What are the prime factors of v(-4)?
2
Let w = 2 - -9. Let v = -4 + w. List the prime factors of v.
7
Let r(s) be the second derivative of -s**5/20 + s**4/2 - s**3/3 - s**2/2 - 2*s. Let f be r(5). Suppose -5*d + 31 + f = 0. List the prime factors of d.
3
Let t be (-8)/5*(-5)/2. List the prime factors of (0 - 0)/(-2) + t.
2
Suppose o + o + 4 = 0. Let i be -2*3 - 2 - o. Let z(w) = w**2 + 5*w - 3. List the prime factors of z(i).
3
Suppose -5*k + 8*k = 465. What are the prime factors of k?
5, 31
Let h = -6 + 9. Suppose 11 = 2*l + h. Suppose -15 = -l*i + 17. What are the prime factors of i?
2
Suppose -4*c + 291 = r, -1188 + 13 = -4*r - 5*c. List the prime factors of r.
5, 59
Suppose 0 = -4*w - 4*g - 72, 2*g + 48 = -4*w + 6*g. Let l = w - -21. Let p(o) = 2*o + 2. List the prime factors of p(l).
2, 7
Let i be -2 + 1 - (-7 - 102). Suppose -3*u = -0*u - i. List the prime factors of u.
2, 3
Let r(k) = -k + 2. Let t = 5 - 16. What are the prime factors of r(t)?
13
Let u(a) = a + 8. Let j be u(-6). Let n = j - -14. What are the prime factors of n?
2
Suppose -22*y = -17*y - 345. What are the prime factors of y?
3, 23
Suppose 0 = 3*m, 2*k + 6*m = m + 26. Suppose k*s = 15*s - 68. List the prime factors of s.
2, 17
Let k = -30 + 53. What are the prime factors of k?
23
Let j = 231 + -124. What are the prime factors of j?
107
Let y = 3 - 4. Let z be (3 - (1 - y)) + 1. Suppose -6 = -z*p - 0. What are the prime factors of p?
3
Suppose 2*r + 658 = 5*t, 2*t + 2*r + 0*r = 266. List the prime factors of t.
2, 3, 11
Let p = -14 + 21. Let t(l) = -l**2 + l + 4. Let d be t(3). Let k = d + p. List the prime factors of k.
5
Suppose -4*d = -8 - 124. List the prime factors of d.
3, 11
Let y(w) = 76*w**3 - 4*w**2 + 3*w - 1. What are the prime factors of y(1)?
2, 37
Let q = 86 + -22. List the prime factors of q.
2
Let u = -2 - -7. Suppose -72 = -u*q + 4*i, 39 = 2*q - 7*i + 2*i. List the prime factors of q.
2, 3
Suppose 0*x + 7*x - 1183 = 0. What are the prime factors of x?
13
Let l(a) = -a**3 + 3*a**2 - a. Let j be l(2). Let t = j - 4. What are the prime factors of (-2 - 18/4)*t?
13
List the prime factors of 42/4 - 18/(-12).
2, 3
Let q = -132 - -258. What are the prime factors of q?
2, 3, 7
Suppose -5*p - 1 + 6 = -5*z, 2*p - 8 = -4*z. Let h(b) = 5*b + 2. What are the prime factors of h(p)?
2, 3
Suppose 2*i - q = 29, -3*i = 4*q - 30 - 19. Let t = 22 + i. What are the prime factors of t?
37
Let b be (-56)/(-4) - (1 - 0). Suppose -f + 3*y = b, 2*f + y = -0*f + 9. Suppose -2*r + 6 = -f. What are the prime factors of r?
2
Let u = 14 - 7. Let i = 20 - u. List the prime factors of i.
13
Let y = -6 + 23. What are the prime factors of y?
17
Let d = 7 + -7. Suppose 2*w = -d*w + 40. List the prime factors of w.
2, 5
Let j(r) = r**3 - 3*r**2 + 3*r + 4. Let u be j(4). Suppose 3*i - 7*i = -u. List the prime factors of i.
2
Suppose -146 = -7*n + 134. List the prime factors of n.
2, 5
Suppose 0*w - 2*w = 0, 4 = z - 5*w. Suppose -5*b - 131 = -z*m - 10, 0 = 3*m + 2*b - 62. List the prime factors of m.
2, 3
Let x be (2 + 44)*1/2. Suppose -x = -5*r + 12. What are the prime factors of r?
7
Let p(t) = t**3 + 8*t**2 + 2*t + 17. Let d be p(-7). Let i(h) = -h**2 + 5*h - 4. Let m be i(4). Suppose -4*g + d = -m*g. List the prime factors of g.
13
Suppose 3*z - 20 = -x, 2*x = -0*x - 4*z + 32. What are the prime factors of x?
2
Suppose 342 = 3*r - 3*z, -5*r + 186 + 386 = -4*z. What are the prime factors of r?
2, 29
What are the prime factors of (-3)/(-12) - 201/(-12)?
17
Suppose -5 + 0 = -5*h, -2*h + 127 = p. List the prime factors of p.
5
Let f(g) = g**2 - 5*g + 2. Let n be f(5). Suppose 0 = 5*v - n*v. Suppose 4*i + 2 - 10 = v. What are the prime factors of i?
2
Let d(y) = y + 2*y + 1 + 2*y**2 - 4. List the prime factors of d(2).
11
Suppose 0*h = -2*h + 82. Suppose -2*y + 4*y - 52 = 0. Let c = h - y. What are the prime factors of c?
3, 5
Suppose -5*s - m + 103 = 0, 5*m - 16 = -1. What are the prime factors of s?
2, 5
Let a be (-2)/(-6) - 1/3. Let s(i) = -i + 10. List the prime factors of s(a).
2, 5
Let d(k) = k - 3. Suppose 0 = -x - h + 12, -3*x = 2*h - 3*h - 20. Let s be d(x). Suppose 3*z - s*z - 2*a = -48, 3*a = 3*z - 60. What are the prime factors of z?
2, 11
Let x be (-2)/(-1)*-1*-2. Suppose 7 = -2*y - 7*r + x*r, 0 = -2*r - 10. List the prime factors of y.
2
Let l(y) = -2*y - 1. List the prime factors of l(-2).
3
Suppose w - 2 = -w. Let v = -5 + 8. Suppose v*d + w = 7. List the prime factors of d.
2
Let p(t) be the first derivative of t**2 - 7*t - 3. List the prime factors of